{"id":110,"date":"2011-02-27T14:25:56","date_gmt":"2011-02-27T13:25:56","guid":{"rendered":"http:\/\/www.skiclub-haltern.de\/?page_id=110"},"modified":"2022-11-06T18:53:27","modified_gmt":"2022-11-06T17:53:27","slug":"fahrradfahren","status":"publish","type":"page","link":"https:\/\/skiclub-haltern.de\/?page_id=110","title":{"rendered":"Fahrradfahren"},"content":{"rendered":"<p>Zu den j\u00e4hrlich stattfindenden Aktivit\u00e4ten des Ski-Clubs geh\u00f6ren auch ein- und mehrt\u00e4gige Fahrrad-Touren.<\/p>\n<p><a href=\"http:\/\/www.skiclub-haltern.de\/wp-content\/uploads\/2017\/01\/0150-Ascheberg-2016.jpg\"><img loading=\"lazy\" decoding=\"async\" class=\"alignright wp-image-1524 \" src=\"http:\/\/www.skiclub-haltern.de\/wp-content\/uploads\/2017\/01\/0150-Ascheberg-2016-300x215.jpg\" width=\"246\" height=\"176\" srcset=\"https:\/\/skiclub-haltern.de\/wp-content\/uploads\/2017\/01\/0150-Ascheberg-2016-300x215.jpg 300w, https:\/\/skiclub-haltern.de\/wp-content\/uploads\/2017\/01\/0150-Ascheberg-2016-768x549.jpg 768w, https:\/\/skiclub-haltern.de\/wp-content\/uploads\/2017\/01\/0150-Ascheberg-2016.jpg 800w\" sizes=\"(max-width: 246px) 100vw, 246px\" \/><\/a>Im n\u00e4chsten Jahr findet eine mehrt\u00e4gige Fahrradtour voraussichtlich wieder im Sp\u00e4tsommer statt.<\/p>\n<p>Wie immer wird das Tourziel von Brigitte und Hermann Lambernd vorher nicht bekannt gegeben. Es sind zwei Tagesstrecken von ca. 50 &#8211; 60 km zu bew\u00e4ltigen.<\/p>\n<p>Die R\u00fcckblicke einiger Fahrradtouren sind hier nachzulesen:<br \/>\n&#8211; <a href=\"https:\/\/skiclub-haltern.de\/?page_id=2284\">Natur und Kultur Pur \u2013 mit dem Skiclub Haltern auf Tour<\/a><br \/>\n&#8211; <a href=\"https:\/\/skiclub-haltern.de\/?page_id=2145\">Fahrradtour ins M\u00fcnsterland<\/a><br \/>\n&#8211; <a href=\"https:\/\/skiclub-haltern.de\/?p=2215\">Skiclub auf Entdeckungstour<\/a><\/p>\n<h1 class=\"entry-title\"><\/h1>\n","protected":false},"excerpt":{"rendered":"<p>Zu den j\u00e4hrlich stattfindenden Aktivit\u00e4ten des Ski-Clubs geh\u00f6ren auch ein- und mehrt\u00e4gige Fahrrad-Touren. Im n\u00e4chsten Jahr findet eine mehrt\u00e4gige Fahrradtour voraussichtlich wieder im Sp\u00e4tsommer statt. Wie immer wird das Tourziel von Brigitte und Hermann Lambernd vorher nicht bekannt gegeben. Es &hellip; <a href=\"https:\/\/skiclub-haltern.de\/?page_id=110\">Weiterlesen <span class=\"meta-nav\">&rarr;<\/span><\/a><\/p>\n","protected":false},"author":1,"featured_media":0,"parent":6,"menu_order":2,"comment_status":"open","ping_status":"open","template":"","meta":{"ngg_post_thumbnail":0,"footnotes":""},"_links":{"self":[{"href":"https:\/\/skiclub-haltern.de\/index.php?rest_route=\/wp\/v2\/pages\/110"}],"collection":[{"href":"https:\/\/skiclub-haltern.de\/index.php?rest_route=\/wp\/v2\/pages"}],"about":[{"href":"https:\/\/skiclub-haltern.de\/index.php?rest_route=\/wp\/v2\/types\/page"}],"author":[{"embeddable":true,"href":"https:\/\/skiclub-haltern.de\/index.php?rest_route=\/wp\/v2\/users\/1"}],"replies":[{"embeddable":true,"href":"https:\/\/skiclub-haltern.de\/index.php?rest_route=%2Fwp%2Fv2%2Fcomments&post=110"}],"version-history":[{"count":12,"href":"https:\/\/skiclub-haltern.de\/index.php?rest_route=\/wp\/v2\/pages\/110\/revisions"}],"predecessor-version":[{"id":2347,"href":"https:\/\/skiclub-haltern.de\/index.php?rest_route=\/wp\/v2\/pages\/110\/revisions\/2347"}],"up":[{"embeddable":true,"href":"https:\/\/skiclub-haltern.de\/index.php?rest_route=\/wp\/v2\/pages\/6"}],"wp:attachment":[{"href":"https:\/\/skiclub-haltern.de\/index.php?rest_route=%2Fwp%2Fv2%2Fmedia&parent=110"}],"curies":[{"name":"wp","href":"https:\/\/api.w.org\/{rel}","templated":true}]}}