{"id":744,"date":"2012-08-25T18:44:34","date_gmt":"2012-08-25T16:44:34","guid":{"rendered":"http:\/\/www.skiclub-haltern.de\/?page_id=744"},"modified":"2016-11-08T20:58:37","modified_gmt":"2016-11-08T19:58:37","slug":"2012-wasserskiclub-haltern","status":"publish","type":"page","link":"https:\/\/skiclub-haltern.de\/?page_id=744","title":{"rendered":"2012 &#8211; Wasserskiclub Haltern"},"content":{"rendered":"<p>Heute hatten wir Wasser mal in anderer Form unter den Skiern, beziehungsweise unter dem Brett: Fl\u00fcssig! Genauso lief es dann auch bei allen, meist auf Anhieb, oder sonst im zweiten, dritten Versuch.<\/p>\n<p>Bestes Wetter, Wasser 23 \u00b0, so konnte es nach der kurzen Einf\u00fchrung f\u00fcr die meisten losgehen.\u00a0 Mit deutlicher Versp\u00e4tung traf dann auch das Auto ein, dessen Fahrer Xanten wohl irgendwo Richtung M\u00fcnster vermutet hatte.<\/p>\n<p>Wie schnell man gezogen wird? 30 km\/h !<\/p>\n<p>Die Betreuung war zwar v\u00f6llig humorlos, aber wir hatten trotzdem richtig viel Spass.<br \/>\nF\u00fcnf Erwachsene und 14 Kinder und Jugendliche waren dabei, das war eine optimale Gruppenst\u00e4rke. Danke an Franzi, unsere Jugenwartin, f\u00fcr die Organisation eines wieder einmal wunderbaren Skiclub-Tages.<\/p>\n<div id=\"attachment_746\" style=\"width: 978px\" class=\"wp-caption alignleft\"><a href=\"http:\/\/www.skiclub-haltern.de\/wp-content\/uploads\/2012\/08\/P1070689_9681.jpg\"><img loading=\"lazy\" decoding=\"async\" aria-describedby=\"caption-attachment-746\" class=\"size-full wp-image-746\" title=\"Skiclub Haltern - Xanten 25.8.2012\" src=\"http:\/\/www.skiclub-haltern.de\/wp-content\/uploads\/2012\/08\/P1070689_9681.jpg\" alt=\"Skiclub Haltern - Xanten 25.8.2012\" width=\"968\" height=\"535\" \/><\/a><p id=\"caption-attachment-746\" class=\"wp-caption-text\">Skiclub Haltern &#8211; Xanten 25.8.2012<\/p><\/div>\n<p>Der Nachmittag klang dann f\u00fcr einige mit Frisbee spielen, Kaffee und Eis, anderen beim Fahren und Fallen zusehen, sowie reichlich Sonne aus.<\/p>\n<p>Eine Wiederholung wurde gew\u00fcnscht, das freut die Organisatoren!<\/p>\n<div id=\"attachment_745\" style=\"width: 650px\" class=\"wp-caption alignleft\"><a href=\"http:\/\/www.skiclub-haltern.de\/wp-content\/uploads\/2012\/08\/P1070669_Ausschnitt1.jpg\"><img loading=\"lazy\" decoding=\"async\" aria-describedby=\"caption-attachment-745\" class=\"size-large wp-image-745\" title=\"Skiclub Haltern - Xanten 25.8.2012\" src=\"http:\/\/www.skiclub-haltern.de\/wp-content\/uploads\/2012\/08\/P1070669_Ausschnitt1-1024x581.jpg\" alt=\"Skiclub Haltern - Xanten 25.8.2012\" width=\"640\" height=\"363\" \/><\/a><p id=\"caption-attachment-745\" class=\"wp-caption-text\">Skiclub Haltern &#8211; Xanten 25.8.2012<\/p><\/div>\n","protected":false},"excerpt":{"rendered":"<p>Heute hatten wir Wasser mal in anderer Form unter den Skiern, beziehungsweise unter dem Brett: Fl\u00fcssig! Genauso lief es dann auch bei allen, meist auf Anhieb, oder sonst im zweiten, dritten Versuch. Bestes Wetter, Wasser 23 \u00b0, so konnte es &hellip; <a href=\"https:\/\/skiclub-haltern.de\/?page_id=744\">Weiterlesen <span class=\"meta-nav\">&rarr;<\/span><\/a><\/p>\n","protected":false},"author":2,"featured_media":0,"parent":30,"menu_order":905,"comment_status":"open","ping_status":"open","template":"","meta":{"ngg_post_thumbnail":0,"footnotes":""},"_links":{"self":[{"href":"https:\/\/skiclub-haltern.de\/index.php?rest_route=\/wp\/v2\/pages\/744"}],"collection":[{"href":"https:\/\/skiclub-haltern.de\/index.php?rest_route=\/wp\/v2\/pages"}],"about":[{"href":"https:\/\/skiclub-haltern.de\/index.php?rest_route=\/wp\/v2\/types\/page"}],"author":[{"embeddable":true,"href":"https:\/\/skiclub-haltern.de\/index.php?rest_route=\/wp\/v2\/users\/2"}],"replies":[{"embeddable":true,"href":"https:\/\/skiclub-haltern.de\/index.php?rest_route=%2Fwp%2Fv2%2Fcomments&post=744"}],"version-history":[{"count":6,"href":"https:\/\/skiclub-haltern.de\/index.php?rest_route=\/wp\/v2\/pages\/744\/revisions"}],"predecessor-version":[{"id":1361,"href":"https:\/\/skiclub-haltern.de\/index.php?rest_route=\/wp\/v2\/pages\/744\/revisions\/1361"}],"up":[{"embeddable":true,"href":"https:\/\/skiclub-haltern.de\/index.php?rest_route=\/wp\/v2\/pages\/30"}],"wp:attachment":[{"href":"https:\/\/skiclub-haltern.de\/index.php?rest_route=%2Fwp%2Fv2%2Fmedia&parent=744"}],"curies":[{"name":"wp","href":"https:\/\/api.w.org\/{rel}","templated":true}]}}